e greatest common divisor of 367617664 and 5504.
5504
What is the highest common factor of 70755965 and 35?
35
What is the greatest common divisor of 10212162 and 12?
6
What is the highest common factor of 648 and 3272652?
36
Calculate the greatest common divisor of 24413151 and 1085.
217
Calculate the greatest common factor of 36 and 9103172.
4
Calculate the greatest common divisor of 129984 and 176.
16
Calculate the highest common divisor of 25940 and 13740.
20
What is the highest common divisor of 81819190 and 82?
82
What is the highest common divisor of 4295071 and 613904?
2257
Calculate the greatest common divisor of 5558 and 1605394.
14
What is the highest common divisor of 1006263 and 107?
1
Calculate the greatest common factor of 136665856 and 2432.
128
What is the highest common factor of 50471458 and 2594?
2594
What is the greatest common divisor of 1758200 and 2600?
200
Calculate the highest common factor of 438 and 72472794.
438
Calculate the greatest common factor of 1281 and 1701.
21
What is the greatest common divisor of 132 and 6988773?
33
Calculate the greatest common factor of 259811 and 21421.
31
What is the highest common factor of 321 and 790409?
107
Calculate the greatest common factor of 161952835 and 11.
11
What is the highest common divisor of 1632 and 5692688?
272
What is the greatest common factor of 52658 and 4583?
1
What is the highest common divisor of 465618792 and 387?
129
Calculate the greatest common factor of 294087596 and 363.
121
What is the greatest common factor of 1079246 and 39878?
254
Calculate the greatest common divisor of 1391387 and 142.
71
What is the greatest common factor of 2071 and 1208483?
109
Calculate the greatest common divisor of 22044148 and 14.
14
Calculate the highest common factor of 12144 and 3945029.
253
Calculate the highest common factor of 13 and 7577089.
13
Calculate the greatest common factor of 18516 and 46692.
12
What is the highest common divisor of 928911684 and 12?
12
Calculate the highest common divisor of 28339 and 4.
1
What is the highest common factor of 4065037 and 2568?
107
What is the greatest common divisor of 4 and 6778412?
4
Calculate the greatest common divisor of 167228 and 213012.
388
Calculate the greatest common factor of 11586218 and 56.
14
What is the greatest common factor of 866180 and 4565960?
3220
Calculate the greatest common divisor of 17 and 298540859.
17
Calculate the highest common factor of 22910274 and 9047.
109
What is the greatest common divisor of 437292 and 19548?
108
Calculate the greatest common divisor of 940 and 177373300.
940
Calculate the highest common divisor of 129 and 461350999.
43
Calculate the highest common divisor of 865197 and 2008.
251
Calculate the greatest common divisor of 70227 and 736661.
289
What is the highest common factor of 2576584 and 44?
4
Calculate the greatest common divisor of 44 and 34355739.
11
Calculate the highest common divisor of 93006 and 27306.
18
What is the greatest common divisor of 755202 and 1316?
14
Calculate the highest common factor of 2 and 565241.
1
Calculate the greatest common factor of 56 and 85523788.
28
Calculate the greatest common factor of 470667246 and 98.
98
Calculate the greatest common factor of 787399 and 118049.
1217
What is the greatest common factor of 12206 and 65572068?
718
Calculate the greatest common factor of 353078 and 5258.
22
Calculate the greatest common factor of 5240 and 353968.
8
Calculate the highest common divisor of 12275305 and 1295.
1295
Calculate the highest common factor of 377 and 1130321023.
377
Calculate the highest common factor of 4241856 and 8688.
48
What is the greatest common divisor of 8250 and 37818?
66
What is the highest common divisor of 979 and 859518?
11
Calculate the highest common divisor of 3076315 and 4895.
55
What is the highest common divisor of 8246982 and 18?
6
Calculate the highest common factor of 1351 and 396676567.
1351
Calculate the highest common factor of 295 and 8978845.
5
What is the greatest common divisor of 2360 and 4335025?
295
Calculate the greatest common divisor of 4737292 and 4144.
28
What is the highest common divisor of 356 and 7424476?
4
What is the greatest common divisor of 11154 and 590106?
66
What is the greatest common divisor of 309004 and 6432?
268
What is the highest common factor of 308050 and 547925?
2525
Calculate the highest common factor of 5687 and 3880132.
47
Calculate the greatest common factor of 9702 and 10783234.
1078
What is the greatest common divisor of 24082911 and 81?
9
Calculate the greatest common divisor of 161 and 77678447.
7
What is the highest common divisor of 81016 and 275158?
494
What is the greatest common divisor of 11 and 4883504?
1
Calculate the greatest common factor of 388021507 and 4766.
2383
What is the greatest common divisor of 1974 and 290262?
42
What is the greatest common divisor of 589 and 40894631?
19
Calculate the greatest common divisor of 79 and 5167785.
79
Calculate the highest common factor of 4884160 and 384.
64
What is the greatest common factor of 25574 and 630572?
38
Calculate the greatest common divisor of 185490 and 16362.
162
Calculate the greatest common divisor of 3796 and 5655164.
292
Calculate the highest common factor of 36477 and 309663.
27
Calculate the greatest common factor of 798840 and 19715815.
11095
What is the highest common factor of 788 and 40300684?
788
What is the highest common divisor of 17356006 and 76?
38
Calculate the highest common divisor of 21 and 421778882.
7
What is the highest common divisor of 2364 and 7284?
12
Calculate the highest common divisor of 2333622 and 1902.
6
Calculate the greatest common divisor of 2269089 and 213.
213
Calculate the greatest common factor of 6248172 and 504.
84
What is the highest common divisor of 827745900 and 420?
60
Calculate the highest common factor of 2217 and 40989374.
739
What is the greatest common factor of 2376 and 3451113?
27
What is the highest common factor of 28960824 and 78?
6
Calculate the highest common factor of 3128 and 334599814.
782
Calculate the highest common factor of 1450 and 13728.
2
What is the highest common factor of 107398925 and 133?
19
What is the greatest common factor of 266662 and 15663?
23
What is the greatest common factor of 3606768 and 248952?
6072
What is the highest common divisor of 980137287 and 597?
597
What is the greatest common factor of 8145354 and 42?
42
What is the highest common factor of 7021 and 17920?
7
What is the greatest common divisor of 186673 and 5125?
41
Calculate the greatest common divisor of 7685 and 615860.
265
Calculate the greatest common divisor of 14489032 and 272.
136
What is the highest common divisor of 58834 and 13961?
23
What is the highest common divisor of 70443 and 118406856?
7827
What is the highest common divisor of 665448 and 53788?
476
What is the highest common divisor of 174157714 and 34178?
1486
Calculate the highest common divisor of 181245771 and 8225.
329
Calculate the highest common divisor of 589099 and 18837.
161
Calculate the greatest common factor of 6639093 and 36.
9
Calculate the greatest common factor of 391165 and 5.
5
What is the greatest common factor of 4174656 and 9656?
136
Calculate the greatest common factor of 70285 and 505.
5
What is the greatest common factor of 10950 and 42712300?
3650
What is the greatest common factor of 180077745 and 2667?
381
Calculate the greatest common divisor of 8109 and 3419905878.
8109
Calculate the greatest common factor of 18456485 and 43410.
7235
What is the greatest common divisor of 2938 and 13507?
13
Calculate the highest common factor of 536 and 12795191.
67
What is the greatest common factor of 630366 and 88?
22
What is the highest common divisor of 61679151 and 9?
9
What is the greatest common divisor of 448 and 23300144?
112
What is the greatest common divisor of 1092184 and 50?
2
Calculate the highest common divisor of 286 and 20627321.
143
What is the greatest common factor of 14728 and 1344?
56
Calculate the greatest common factor of 1620073 and 32669.
91
What is the highest common divisor of 12190342 and 42586?
398
Calculate the highest common divisor of 667451 and 6346.
19
What is the greatest common divisor of 1161602 and 104?
26
Calculate the gr